
Suppose -3*u - l - 4 = -5, -2*u = -l - 9. Suppose -20 = u*o - 7*o. Suppose 5*n - 8 = 3*b - 0*n, o*b = -n + 20. What is the units digit of b?
4
Let m(y) = y**3 + 3*y**2 - 6*y - 6. Let u be m(-4). Suppose u*q = q + 3. What is the units digit of q?
3
Let c be 0 + 3/3 + 78. Suppose -5*r + 1 = -c. Suppose r = 2*a + 4. What is the units digit of a?
6
Suppose -5*c - 1 + 26 = 0. Suppose 0*d = -d + 1, c*d = -4*t + 13. Let o = t + -1. What is the units digit of o?
1
Suppose 3*h + f + 1 = 2*h, -9 = 4*h + 5*f. Suppose -u - h*y + 12 = 0, 2*y - 4 = -0. Let c(p) = 2*p**2 - 5*p + 3. What is the units digit of c(u)?
5
Suppose -4*t = 4*m + 220, 3*m + 205 = -m + t. What is the units digit of (6/4)/((-6)/m)?
3
Let y(c) = 12*c**2 + c + 1. What is the units digit of y(-1)?
2
Suppose -6*k - 3 = -3*k - 3*g, 0 = g + 2. Let a = k - -6. What is the units digit of a?
3
Let w(u) = -u**2 + 11*u + 13. Let r be w(13). What is the tens digit of 0 + -3 + 2 - r?
1
Let g = -67 - -135. What is the units digit of 595/g*8/2?
5
Let o(m) = 5*m - 6. Let u be o(7). Let i = -18 + u. What is the units digit of i?
1
Let v = 8 - 1. What is the units digit of v?
7
Let n be (-1 - -104) + (-2)/(-2). Let f = 68 - n. What is the tens digit of -2 - (-1)/((-3)/f)?
1
What is the units digit of (-59)/(-2) - 1/(-2)?
0
Let r = -6 + 10. Let j(b) = -b**3 + 3*b**2 + 5*b + 1. Let q be j(r). Suppose h - 14 = t, h + 4*h + q*t - 40 = 0. What is the units digit of h?
1
Let m be (71/5)/(4/20). Suppose t = -5*b + b + m, t - 35 = -2*b. What is the tens digit of b?
1
Suppose -2*x + 168 = -4*c, 3 = -4*c + 11. What is the units digit of x?
8
Let i = 17 - -12. What is the tens digit of i?
2
Suppose 1 = -k + 2*b - 2, 0 = -k - b - 18. Let o be (12 - 10)/(2/k). What is the tens digit of 8 + -8 - (0 + o)?
1
Let v be -2 + 2 - (0 - 3). Suppose -v*z = 4*d - 6*z - 1, 2 = 2*z. Suppose 3*j = 2*j + d. What is the units digit of j?
1
Suppose -122 = -5*q + 2*l, -2*q + 3*l + 40 = -0*l. What is the units digit of q?
6
Suppose 3*r = 4*r - 2. Let s = r - -4. What is the units digit of s?
6
Let h = 8 - 7. What is the units digit of h?
1
Suppose 320 = 4*q - 4*u, 4*u - 75 = q - 2*q. What is the tens digit of q?
7
Let k(x) = 9*x + 3. Suppose l + 11 = 3*h, l + 1 = h - 6. Let z(n) = -14*n - 5. Let w(p) = l*z(p) - 8*k(p). What is the tens digit of w(-6)?
1
Let b(n) = -n**3 - 8*n**2 - 7*n + 2. Let i(q) = -q**2 + 3*q - 1. Let g be i(3). Let c be (g/1)/(2/14). What is the units digit of b(c)?
2
Let l(j) = 3*j**2 + 2*j - 7. Let r(p) = -4*p**2 - p + 8. Let b(a) = -5*l(a) - 4*r(a). Let q be b(6). Let c = 9 - q. What is the units digit of c?
6
Suppose 0 = 3*c - c - 70. What is the units digit of c?
5
Suppose -y = -2*y + 1. Let u = y + 5. What is the units digit of u?
6
Let a be (-6)/9 - (-28)/6. Let w = 10 - a. What is the units digit of w?
6
Suppose -o + 0 = -4. Let b(k) = 2*k - 6. Let u be b(o). What is the units digit of ((-2)/(-6))/(u/6)?
1
Let b(z) = -z**3 + 5*z**2 + z - 1. Suppose 15 = -2*m + 5. Let g = 0 - m. What is the units digit of b(g)?
4
Let y be ((-6)/(-4))/(-3)*-4. Suppose 5*i = -4*t + 28, i + 3*i + 16 = 0. Suppose -y*w = 2*u - t, 2*u + 10 = 3*w + 3*u. What is the units digit of w?
2
What is the units digit of 5/((-40)/46)*-4?
3
Suppose 10 = x + b, -2*x + 29 - 9 = -2*b. What is the units digit of 3/(-5) + 156/x?
5
Suppose 0 = 4*t + 1 - 17. What is the units digit of t?
4
What is the tens digit of (1/((-12)/(-328)))/((-2)/(-15))?
0
Let x be 4/3*(-6)/(-4). Suppose 3 = x*f - f. Suppose f = -2*t + 4*m - 3, -m = -2*t + 6. What is the units digit of t?
5
Suppose 4*a - 24 = -0*a. Suppose -x + a*x = 15. Suppose 1 = -n + x. What is the units digit of n?
2
Suppose 3*t = 309 + 24. What is the hundreds digit of t?
1
Suppose 168 = 4*u - 0*w - 4*w, -3*w + 59 = 2*u. What is the units digit of u?
7
Let m be 3/(3/15*1). Let f = 26 - m. What is the units digit of f?
1
Let j(i) = i + 33. What is the tens digit of j(31)?
6
Suppose -i - 3*i = -4. Suppose -j + i = -3. What is the units digit of (10/j)/((-4)/(-8))?
5
Let h = -33 - -101. Let r be -3 + 0 + 2 + 1. What is the units digit of (1 - r)/(4/h)?
7
Suppose -168 = -5*k + q, 78 = -k + 3*k + 5*q. What is the units digit of k?
4
Suppose -5*o + 2*a = -29, -2 = 4*o - a - 24. Suppose 3*l - o*l + 8 = 0. What is the units digit of l?
4
Suppose -3*r - 17 = 5*h - 173, 0 = -2*r + 5*h + 79. What is the units digit of r?
7
Suppose 3*p + 471 = 2*v - 207, 1324 = 4*v + 2*p. What is the hundreds digit of v?
3
Suppose -5*p - 3 = -2*p. Let u be 3/(0 - 3)*p. What is the units digit of (-2 - -7)/(u - 0)?
5
Let n = -9 + 9. Let k(u) = u**3 - u**2 - u + 10. What is the units digit of k(n)?
0
Let t(h) = h**3 + 7*h**2 - 9*h - 3. Let l be (-12)/2*8/6. What is the units digit of t(l)?
5
Suppose 2*t + 9 = -9. What is the units digit of ((-6)/(-9))/((-6)/t)?
1
Suppose 8*k - 560 = -168. What is the tens digit of k?
4
Let v(m) = m + 7. Let z be v(-3). Suppose -4*r - 14 = -3*g, -5*g - 2*r + z = -2. Suppose -47 = -5*y - 3*j + 4, -3*y + 31 = g*j. What is the units digit of y?
9
Suppose -y + 5*v = -3*y - 53, -10 = 2*v. Let q = y + 28. What is the units digit of q?
4
Suppose -13 = -5*v + 4*t, -5*v - 3*t = -t - 1. Let b = 14 + v. What is the units digit of b?
5
Let q(v) = -v**2 - 16*v + 1. Let i = -4 + -11. What is the tens digit of q(i)?
1
Let v = -30 - -61. What is the tens digit of v?
3
Suppose -3*s + 113 = -h, 5*h + 0*h = 4*s - 136. Suppose 4*i - 5 = s. What is the units digit of i?
1
Suppose -2*c - 4 = 5*t, 3*t - 5*t + 2 = 2*c. Suppose 0 = 3*d - 4*m - 27, -c*m = -3*d + 16 + 8. Let f = d - 2. What is the units digit of f?
3
Let c(q) = -q**2 + 16*q + 12. What is the units digit of c(14)?
0
Suppose 7*w - 2*w - 30 = 0. Let t(k) = -2*k**2 + 12*k - 17. Let j(s) = -3*s**2 + 18*s - 25. Let g(z) = -5*j(z) + 7*t(z). What is the units digit of g(w)?
6
Suppose 2*i + 22 = 2*k, -5*k = -3*i - 31 + 4. Let m be (8/10)/(i/(-35)). Suppose 0 = 2*w + m*b - 2, 4*w - 7 = -3*b - 0. What is the units digit of w?
4
Let n(h) = -2*h**2 - h - 1. Let f be n(2). Let g = f + 19. What is the units digit of g?
8
Let y = -4 - -4. Let n be y*(-3)/(-6) + -2. What is the units digit of ((-4)/2)/(n/6)?
6
Let v = 50 + -30. What is the units digit of (4/10)/(2/v)?
4
Let w(a) = -a + 1. Let l(x) = -6*x + 5. Let y(k) = l(k) - 4*w(k). What is the units digit of y(-1)?
3
What is the tens digit of (3 + (-10)/4)*(248 - -2)?
2
Let g(y) = -y**3 - y**2 - 7. Let p be g(0). Let m = -4 - p. Suppose 0 = 3*b - m, -w + 4*b + 0 = 1. What is the units digit of w?
3
Let s(w) = w**2 - 3*w - 2. Let x be s(4). Suppose 2*p - 5*p = h - 3, -x*h = -2*p - 22. What is the units digit of h?
9
Let w = 54 + -30. Suppose -2*m + w = m + 3*c, 5*m - 38 = -4*c. What is the units digit of m?
6
Let d(v) = 1 - 3 - 1 + 8*v. What is the tens digit of d(2)?
1
Suppose -k = 3*m - 19, -2*k + 32 + 2 = 2*m. Suppose 0 = -3*y + y + k. What is the units digit of y?
8
What is the tens digit of (-3)/9*(-1 - 413)?
3
What is the tens digit of 2/9 + (-1988)/(-126)?
1
Suppose -3*m + 3*i - 1 = 2*m, i = 3*m - 1. Let f(n) = -1 - m - 3*n + n. What is the units digit of f(-4)?
6
Let i be -4*((-2)/(-1))/4. What is the units digit of i - 1 - -1*20?
7
Let k be 3/(-12) - 41/(-4). Let g be 5/k - 3/(-2). Suppose g*c - 4*b = -6, 0 = c - 3*c - b + 9. What is the units digit of c?
3
Let o = -3 - -11. Suppose i - o = 2. What is the units digit of i?
0
Suppose -5*l + 12 = -h, 0 = 2*l + l - 3*h. What is the units digit of l?
3
Let o be (-1)/5 + 5960/50. Let h = o + -85. What is the tens digit of h?
3
Let j be 11 + 3/(-1) - 2. Let i = j + 2. What is the units digit of i?
8
Let t = -16 - -20. What is the units digit of t?
4
Suppose 0*o = o - 86. Suppose -o - 4 = -3*f. What is the tens digit of f?
3
Suppose -7*n + 5*c + 10 = -2*n, 0 = -c. Let q(m) = -m**3 + 4*m**2 - 3*m. What is the units digit of q(n)?
2
Let a(o) = -7*o - 15. What is the tens digit of a(-7)?
3
Suppose -2*c + 33 + 525 = 0. What is the tens digit of c?
7
Suppose -7*z + 105 = -105. What is the tens digit of z?
3
Let w = -24 + 34. Suppose -w + 2 = -x. What is the units digit of x?
8
Let f = 8 + -6. Suppose -f*k = 2*k - 16. What is the units digit of k?
4
Let z(g) = -g**2 - 5*g + 2. Let n be z(-4). Suppose -3*p + 5*p = n. What is the units digit of p?
3
Let l = 3 - 0. Let j be